{"id":1059,"date":"2025-02-11T15:17:16","date_gmt":"2025-02-11T14:17:16","guid":{"rendered":"https:\/\/meditations.therapeutiques.ch\/?page_id=1059"},"modified":"2025-02-12T13:41:51","modified_gmt":"2025-02-12T12:41:51","slug":"zachiel","status":"publish","type":"page","link":"https:\/\/meditations.therapeutiques.ch\/index.php\/zachiel\/","title":{"rendered":"Canalisations de l&rsquo;Archange Zachiel"},"content":{"rendered":"\t\t<div data-elementor-type=\"wp-page\" data-elementor-id=\"1059\" class=\"elementor elementor-1059\">\n\t\t\t\t\t\t<section class=\"elementor-section elementor-top-section elementor-element elementor-element-d6950d8 elementor-section-boxed elementor-section-height-default elementor-section-height-default\" data-id=\"d6950d8\" data-element_type=\"section\" data-e-type=\"section\" data-settings=\"{&quot;background_background&quot;:&quot;classic&quot;,&quot;shape_divider_bottom&quot;:&quot;waves&quot;}\">\n\t\t\t\t\t\t\t<div class=\"elementor-background-overlay\"><\/div>\n\t\t\t\t\t\t<div class=\"elementor-shape elementor-shape-bottom\" aria-hidden=\"true\" data-negative=\"false\">\n\t\t\t<svg xmlns=\"http:\/\/www.w3.org\/2000\/svg\" viewBox=\"0 0 1000 100\" preserveAspectRatio=\"none\">\n\t<path class=\"elementor-shape-fill\" d=\"M421.9,6.5c22.6-2.5,51.5,0.4,75.5,5.3c23.6,4.9,70.9,23.5,100.5,35.7c75.8,32.2,133.7,44.5,192.6,49.7\n\tc23.6,2.1,48.7,3.5,103.4-2.5c54.7-6,106.2-25.6,106.2-25.6V0H0v30.3c0,0,72,32.6,158.4,30.5c39.2-0.7,92.8-6.7,134-22.4\n\tc21.2-8.1,52.2-18.2,79.7-24.2C399.3,7.9,411.6,7.5,421.9,6.5z\"\/>\n<\/svg>\t\t<\/div>\n\t\t\t\t\t<div class=\"elementor-container elementor-column-gap-default\">\n\t\t\t\t\t<div class=\"elementor-column elementor-col-100 elementor-top-column elementor-element elementor-element-2859b73\" data-id=\"2859b73\" data-element_type=\"column\" data-e-type=\"column\">\n\t\t\t<div class=\"elementor-widget-wrap elementor-element-populated\">\n\t\t\t\t\t\t<div class=\"elementor-element elementor-element-0f21c7e elementor-invisible elementor-widget elementor-widget-heading\" data-id=\"0f21c7e\" data-element_type=\"widget\" data-e-type=\"widget\" data-settings=\"{&quot;_animation&quot;:&quot;zoomIn&quot;}\" data-widget_type=\"heading.default\">\n\t\t\t\t<div class=\"elementor-widget-container\">\n\t\t\t\t\t<h1 class=\"elementor-heading-title elementor-size-default\">Pr\u00e9sentation de l'Archange Zachiel<\/h1>\t\t\t\t<\/div>\n\t\t\t\t<\/div>\n\t\t\t\t\t<\/div>\n\t\t<\/div>\n\t\t\t\t\t<\/div>\n\t\t<\/section>\n\t\t\t\t<section class=\"elementor-section elementor-top-section elementor-element elementor-element-c1d1268 elementor-section-boxed elementor-section-height-default elementor-section-height-default\" data-id=\"c1d1268\" data-element_type=\"section\" data-e-type=\"section\">\n\t\t\t\t\t\t\t<div class=\"elementor-background-overlay\"><\/div>\n\t\t\t\t\t\t\t<div class=\"elementor-container elementor-column-gap-default\">\n\t\t\t\t\t<div class=\"elementor-column elementor-col-100 elementor-top-column elementor-element elementor-element-31e1173\" data-id=\"31e1173\" data-element_type=\"column\" data-e-type=\"column\">\n\t\t\t<div class=\"elementor-widget-wrap elementor-element-populated\">\n\t\t\t\t\t\t<div class=\"elementor-element elementor-element-26e1c19 elementor-widget elementor-widget-text-editor\" data-id=\"26e1c19\" data-element_type=\"widget\" data-e-type=\"widget\" data-widget_type=\"text-editor.default\">\n\t\t\t\t<div class=\"elementor-widget-container\">\n\t\t\t\t\t\t\t\t\t<p>Bonjour \u00e0 tous. Bienvenue pour la lecture de cette pr\u00e9sentation, faite par Moi, Archange Zachiel, Ange de la souverainet\u00e9, Ange de la direction, Archange de la souverainet\u00e9, Archange de l\u2019honneur, de l\u2019humilit\u00e9, de la fiert\u00e9, et de la direction.<\/p><p>Je peux vous aider dans votre vie, \u00e0 voir quelle est la direction que vous devez prendre. Vous pouvez faire appel \u00e0 moi lorsque vous h\u00e9sitez entre un choix et un autre. Je vous aide ensuite \u00e0 suivre ce chemin, cette route, avec fiert\u00e9, que vous puissiez \u00eatre fier de votre choix, ne pas regretter l\u2019autre choix, l\u2019autre route, l\u2019autre possibilit\u00e9 qui s\u2019offrait \u00e0 vous.<\/p><p>Je vous aide \u00e0 regarder en avant, \u00e0 garder la motivation pour aller de l\u2019avant, je vous \u00e9claire votre route. Je vous aide \u00e0 profiter de ce moment pr\u00e9sent, unique, que vous vivez. Je vous aide \u00e0 comprendre vos vies pass\u00e9es , \u00e0 en retirer les bonnes choses que vous avez apprises, lors de ces apprentissages, lors de ces exp\u00e9riences, ces \u00e9volutions, que vous avez effectu\u00e9s.<\/p><p>Je peux vous aider \u00e0 retrouver certaines m\u00e9moires de vos vis pass\u00e9es, de vos vies parall\u00e8les.<\/p><p>Je peux vous aider \u00e0 prendre conscience des autres parties de vous-m\u00eame que vous ne voyez pas, qui vous sont cach\u00e9es, comme s\u2019il y avait un voile devant vous, devant votre esprit.<\/p><p>Une fois que vous avez bien avanc\u00e9 sur votre chemin, que vous devenez ma\u00eetre de vous-m\u00eame, de votre soi sup\u00e9rieur, je peux vous aider \u00e0 garder de l\u2019humilit\u00e9, \u00e0 ne pas retomber dans l\u2019\u00e9go, et que vous gardiez \u00e0 l\u2019id\u00e9e que vous faites partie du monde de l\u2019Un, que vous \u00eates Un, et que si vous faites du mal \u00e0 autrui, que vous agissez avec m\u00e9chancet\u00e9 avec autrui, vous vous faites du mal \u00e0 vous-m\u00eame.<\/p><p>En entretenant de bonnes relations avec les autres, \u00e0 tout niveau dans la hi\u00e9rarchie, vous vous faites du bien \u00e0 vous-m\u00eame.<\/p><p>En vous respectant, vous serez respect\u00e9, en donnant de l\u2019amour, vous en recevrez. En donnant aux autres, vous recevrez l\u2019abondance.<\/p><p>Pour \u00eatre un bon souverain, un roi doit donner de l\u2019amour \u00e0 son peuple, doit l\u2019\u00e9couter, le respecter, avec douceur, mais avec fermet\u00e9. Il doit avoir de la force pour pouvoir aider son peuple. Il doit montrer qu\u2019il est le roi, tout en restant simple, honorable, aimable, respectable, respectueux.<\/p><p>Imaginez que vous \u00eates un roi, pour vous, en vous, et que vous \u00eates donc ma\u00eetre de vos d\u00e9cisions, de vos pens\u00e9es, de vos actes. Et imaginez que tous autour de vous, les autres sont \u00e9galement des rois, des reines, afin que tous puissent \u00eatre lumineux, joyeux, dans le bonheur et la paix.<\/p><p>Il en est ainsi, et je vous encourage \u00e0 suivre ce chemin, votre chemin, et je vous envoie du courage, de la force, ainsi que de la petitesse, que vous gardiez \u00e0 l\u2019esprit que vous \u00eates un roi, une reine, mais qu\u2019il y a beaucoup de rois, de reines, et que vous avez tous un grand souverain au dessus de vous, Dieu, \u00e0 qui vous devez un grand respect, de la gratitude, des remerciements, et des honneurs.<\/p><p>Je vous salue en compagnie de Martine, de la Terre, et nous vous envoyons toute notre lumi\u00e8re et nos encouragements, et pour votre pr\u00e9sent, et pour votre avenir, en l\u2019 Un, en faisant partie du monde de l\u2019Un.<\/p><p>Au si\u00e8cle des si\u00e8cles, Amen<\/p><p>Je suis Zachiel et vous dit \u00e0 bient\u00f4t<\/p><h6>Canalis\u00e9 par Martine Bagaini, le 18.08.2018<\/h6>\t\t\t\t\t\t\t\t<\/div>\n\t\t\t\t<\/div>\n\t\t\t\t\t<\/div>\n\t\t<\/div>\n\t\t\t\t\t<\/div>\n\t\t<\/section>\n\t\t\t\t<\/div>\n\t\t","protected":false},"excerpt":{"rendered":"<p>Pr\u00e9sentation de l&rsquo;Archange Zachiel Bonjour \u00e0 tous. Bienvenue pour la lecture de cette pr\u00e9sentation, faite par Moi, Archange Zachiel, Ange de la souverainet\u00e9, Ange de la direction, Archange de la souverainet\u00e9, Archange de l\u2019honneur, de l\u2019humilit\u00e9, de la fiert\u00e9, et de la direction. Je peux vous aider dans votre vie, \u00e0 voir quelle est la [&hellip;]<\/p>\n","protected":false},"author":1,"featured_media":0,"parent":0,"menu_order":8,"comment_status":"closed","ping_status":"closed","template":"","meta":{"footnotes":""},"class_list":["post-1059","page","type-page","status-publish","hentry"],"_links":{"self":[{"href":"https:\/\/meditations.therapeutiques.ch\/index.php\/wp-json\/wp\/v2\/pages\/1059","targetHints":{"allow":["GET"]}}],"collection":[{"href":"https:\/\/meditations.therapeutiques.ch\/index.php\/wp-json\/wp\/v2\/pages"}],"about":[{"href":"https:\/\/meditations.therapeutiques.ch\/index.php\/wp-json\/wp\/v2\/types\/page"}],"author":[{"embeddable":true,"href":"https:\/\/meditations.therapeutiques.ch\/index.php\/wp-json\/wp\/v2\/users\/1"}],"replies":[{"embeddable":true,"href":"https:\/\/meditations.therapeutiques.ch\/index.php\/wp-json\/wp\/v2\/comments?post=1059"}],"version-history":[{"count":11,"href":"https:\/\/meditations.therapeutiques.ch\/index.php\/wp-json\/wp\/v2\/pages\/1059\/revisions"}],"predecessor-version":[{"id":1261,"href":"https:\/\/meditations.therapeutiques.ch\/index.php\/wp-json\/wp\/v2\/pages\/1059\/revisions\/1261"}],"wp:attachment":[{"href":"https:\/\/meditations.therapeutiques.ch\/index.php\/wp-json\/wp\/v2\/media?parent=1059"}],"curies":[{"name":"wp","href":"https:\/\/api.w.org\/{rel}","templated":true}]}}